Suppose 4*s + 5*k - 40 - 4 = 0, 3*s - 4*k - 2 = 0. Suppose u + 5*i + 1 = -c, u - s = -i. What is the units digit of u?
8
Suppose -4*c + 0*c + 0*c = 0. Suppose c = 5*u - 12 - 8. What is the units digit of u?
4
Suppose -96 = 23*h - 20*h. Let u = 110 + h. What is the tens digit of u?
7
Suppose -957*i - 4018 = -971*i. What is the units digit of i?
7
Suppose 270 = i + 4*c - 448, 1440 = 2*i + 4*c. What is the units digit of i?
2
Let p be (-2 + 2)*1 - -3. Suppose 2*a = p*a + 82. What is the units digit of a/6*(-7 + 4)?
1
Suppose x + 482 = 5*x + 5*i, 3*x = 2*i + 373. Let z be (2 - 21/15) + (-3222)/45. Let m = z + x. What is the tens digit of m?
5
Let c be (-10)/(-4)*152/95. Let a = c + -33. Let n = 45 + a. What is the units digit of n?
6
Suppose -4*w = 4*i - 36, w + 18 = 5*w - 5*i. Suppose 3*z = w*z - 56. Suppose 0*d + z = 2*d. What is the units digit of d?
7
Suppose 3*f - 310 = -4*a + 364, -a - f + 168 = 0. What is the hundreds digit of a?
1
Suppose 18*o = 51*o - 188595. What is the tens digit of o?
1
What is the hundreds digit of (52/(-6))/((-52)/3432)?
5
Let m(o) = 12*o**2 - o + 13. Let u be m(5). Let h = u + -131. What is the units digit of h?
7
Suppose 3*w - 308 + 23 = 0. Suppose -4*u + 275 = w. What is the units digit of u?
5
Suppose 3*g - 2037 = -2*d, 5*g + d = -1111 + 4506. What is the units digit of g?
9
Let w = -664 - -961. What is the tens digit of w?
9
What is the units digit of (-42462)/(-24) - (-7 - 58/(-8))?
9
Suppose 0 = 25*k + 18*k - 9245. What is the hundreds digit of k?
2
Let p(a) = -a**3 + 5*a**2 - 2*a - 72. What is the hundreds digit of p(-13)?
9
Let y(i) = -i**3 - 11*i**2 - 13*i + 5. Let f be y(-10). Suppose 0 = -10*q + 5*q + f. What is the units digit of (-2)/q + 212/7?
0
Let g be (18/5)/((-52)/20 - -3). Suppose 0 = 5*x + m - 1116, -6*x - 676 = -g*x + m. What is the units digit of x?
4
Let v(n) be the second derivative of n**4/12 + n**3/6 + 7*n**2 + 12*n. What is the tens digit of v(-6)?
4
Suppose -8*a = 300 - 1140. Let l = -101 + a. What is the units digit of l?
4
Suppose 5*f - 2151 = -48*a + 52*a, 5*f + 3*a - 2158 = 0. What is the units digit of f?
1
Let o = 78 + 16. Suppose -6*r + 200 + o = 0. What is the tens digit of r?
4
Let g be 1 - ((-9)/3 + -44). Let f be ((-2)/(-4))/((-4)/g). What is the units digit of (f/4)/((-6)/4)?
1
Suppose -3*p - 4*q - 18 = -7*q, 0 = p + 2*q + 6. Let o = 6 - p. What is the units digit of o?
2
Let f = -2 - -6. Suppose 0 = f*y - 0*y + 32. What is the units digit of y/(-24) - (-35)/3?
2
Let q = 12 + -10. Suppose g + 0 = q. Suppose -2*b + 4 = -3*k, b = -5*k + 13 + g. What is the units digit of k?
2
Let s be ((-4)/10)/(4 + (-705)/175). Let j = 74 + s. What is the units digit of j?
8
Let l(q) = 19*q - 6. Let f be l(9). Suppose f = -2*j + 585. What is the tens digit of j?
1
Let x = 12 + -10. Let i be x - -7*(0 - -7). What is the tens digit of (i/(-6))/(4/(-8))?
1
What is the units digit of (-367)/(-3)*(85 - 76)?
1
Suppose 2*c = 3*r - 348, -7*r + 5*r = -4. Let s = 254 + c. What is the tens digit of s?
8
Let j(u) = 45*u**2 - 2*u + 12. What is the hundreds digit of j(-4)?
7
Let d be ((-1)/(-1))/(-8 - -7). Let r = d + 7. Let m = 23 + r. What is the units digit of m?
9
Let k(s) = -s**2 - 44*s + 39. Let x be k(-46). Let g(p) = -96*p**3 + p**2 + p - 1. Let v be g(1). Let i = x - v. What is the tens digit of i?
4
Let i(w) = 6*w + 6. Let b be i(-5). What is the units digit of (-1 - (-3 - -1)) + (-6792)/b?
4
What is the tens digit of (0 + -105)*((-23)/3 - 0)?
0
Let h(c) = -c**2 - 26*c - 14. Let x be h(-9). Let l = 144 - x. What is the units digit of l?
5
Suppose 4*t - 7*t = -9. Suppose -36 = 4*b + t*j, b + j = 2*j - 16. What is the units digit of 3 - (b - -3 - -1)?
1
Let c(s) = -3*s - 18. Let r be c(-7). Suppose 358 = -r*u + 7*u - 2*x, 0 = 4*u + x - 367. What is the tens digit of u?
9
Suppose 680 = 4*w - 2*d, 0 = -3*d + 5*d + 4. Suppose -5*i = -3*q - w, 3*i + 0*q = -q + 93. What is the tens digit of i?
3
Suppose 2*p + 82 = 78, 3*p = 5*m - 5241. What is the units digit of m?
7
Suppose 9 = 4*a - 7, 2*n - 10 = 4*a. Suppose 0 = 4*s + s. Suppose -2*i + 27 + n = s. What is the tens digit of i?
2
Suppose 98 = -3*v + 377. Suppose -3*w + 72 = -5*g, 3*w + 4*g - v = 2*g. What is the units digit of w?
9
Let u(z) = 618*z**2 + 4*z + 5. What is the units digit of u(-1)?
9
What is the tens digit of 6 + (42 + 0)*(-8)/(-3)?
1
Let y(z) = z**3 - 8*z**2 - 10*z + 5. Suppose 3*h - 7*h = -40. What is the tens digit of y(h)?
0
Let k = 2270 - 765. What is the thousands digit of k?
1
Let j(s) = 47*s + 8. Let b be j(5). Let r = b + -36. Suppose -3*w + 2*a + r = a, 3*a = 0. What is the units digit of w?
9
Let j = 3 - 4. Let r be (4 + -4)/(0 + j). Suppose 4*d + 5*n - 66 = r, -4*d = -0*d + 3*n - 62. What is the units digit of d?
4
Suppose 0 = 4*y - 16, 7*y - 34 = d + 2*y. Let b = -8 - d. Suppose 0*r + 2*r - b = 0, -4*w = 4*r - 68. What is the tens digit of w?
1
Let w = 1997 - -695. What is the thousands digit of w?
2
What is the units digit of 6133/4 + (-4 - (-95)/20)?
4
Suppose 4*u = -s - 33 + 258, -5*u - 5*s + 300 = 0. What is the units digit of u?
5
Let y = -372 - -918. What is the hundreds digit of y?
5
Let g(q) = 2*q**3 - q**2 + 2*q - 1. Let p be g(-2). Let d = 48 - p. What is the units digit of d?
3
Suppose 4*y + 4 = 0, -c - 4*y - 328 + 41 = 0. Let u = -95 - c. What is the units digit of u?
8
Suppose 0 = -13*a - 0 - 0. Suppose a*o + 992 = 4*o. What is the hundreds digit of o?
2
Suppose -q - 3*j - j = -1692, 4*q = -4*j + 6780. What is the hundreds digit of q?
6
Let r(f) = 29*f + 6. Let t be r(2). Let u be 6/9 + t/12. Let c = 11 + u. What is the tens digit of c?
1
Suppose 8*d - 115 = 309. Suppose -3*y + 629 - d = 0. What is the tens digit of y?
9
Let s(z) = -286*z - 53. What is the hundreds digit of s(-2)?
5
Suppose -k + 2 = 1. Suppose 3*n = 4*n + k. What is the tens digit of 135/5 - (n + 3)?
2
Suppose 2*p + 2*p = 20, -4*l + p + 3 = 0. Suppose l*w = w. Let d = 2 - w. What is the units digit of d?
2
Let q be (-1)/(-5) - 29/(-5). Suppose -q = w - 5. What is the tens digit of w/((-54)/(-57) + -1)?
1
Let q(p) be the second derivative of -5*p**4/12 - p**3/3 + 3*p. Let m be q(-3). What is the tens digit of 13/m - 196/(-3)?
6
Let x = 3570 - 2521. What is the units digit of x?
9
Suppose -128 = -h + 5*j, -3*j = -2*h + 2*j + 251. What is the tens digit of h?
2
What is the tens digit of 3 - (100*(-3 + -1) + -3)?
0
Suppose 1352 = 11*b - 1277. Suppose -2*s + 5*j = -215, -231 = -5*s - j + b. What is the tens digit of s?
9
Suppose -260 = -m - 2*l + 358, -3*m - 2*l + 1858 = 0. What is the units digit of m?
0
Let d be -15*(-4)/(-12)*1. Let v(c) = 4*c**2 + 2*c - 4. What is the tens digit of v(d)?
8
Let p(o) = 141*o. Let c be p(1). Suppose 93 = 2*r - 4*x - c, 3*r + x - 330 = 0. What is the tens digit of r?
1
Suppose 8*a - 32 = 7*a. Let k = 96 - a. What is the tens digit of k?
6
Let t(r) = 80*r**2 + 15*r - 38. What is the units digit of t(4)?
2
Suppose -5*l - 3*z + 3523 = 0, 0*l - 5*l + 3527 = 2*z. What is the tens digit of l?
0
Let x(r) = 4*r**2 + 6*r - 3. Let j be 3 - (2 + -4)/1. Let a be x(j). Suppose 5*m - 73 = a. What is the units digit of m?
0
Let d = 649 - 408. What is the hundreds digit of d?
2
Let p(o) = 41*o + 1389. What is the thousands digit of p(0)?
1
Let p be ((-65 - -2)/(-1))/(10/30). Suppose p = b + 2*b - 5*s, -2*s - 198 = -3*b. What is the units digit of b?
8
Suppose 0 = 4*r - 1444 + 8. Let m = -251 + r. What is the tens digit of m?
0
Let d(s) = 48*s + 15. Let o be d(10). Suppose 4*p = 3*n + p - o, -5*n + 4*p + 829 = 0. What is the tens digit of n?
6
Suppose -3*d - 21 = -8*d - l, d + l - 5 = 0. Let n be (-1)/(-2 - (-10)/d). Let x = n + 24. What is the units digit of x?
2
Let n(z) = 7*z + 29. Let d(o) = -8*o - 35. Let j be d(-6). What is the tens digit of n(j)?
2
Suppose -17848 = -9*z - 2314. What is the thousands digit of z?
1
Let v(k) = -k**3 + 3*k + 11. Let w(u) be the first derivative of -u**4/2 + 5*u**2/2 + 22*u + 7. Let m(h) = -5*v(h) + 3*w(h). What is the tens digit of m(0)?
1
Let w(g) = -2*g**2 - 2*g + 957. What is the hundreds digit of w(0)?
9
Let q(c) = 1147*c - 62. What is the units digit of q(1)?
5
Let q(h) = 49*h**2 + 12*h + 15. What is the tens digit of q(-4)?
5
Let t be (-22)/(-99) + 2/(-9). Suppose t*i + 4*i - 723 = 5*u, 4*